 22. Calculate p(-5).
13
Let i(c) = 12*c - 7. Determine i(-13).
-163
Let u(b) = -3*b**2 + 157*b + 98. Calculate u(53).
-8
Let j(u) = -u - 33. What is j(-2)?
-31
Let r(z) = -z**2 + 5*z + 2. Give r(5).
2
Let c(z) = 2*z + 14. What is c(7)?
28
Let j(p) = p**2 + 9*p - 133. Give j(8).
3
Let l(d) = 3*d + 19. Determine l(-15).
-26
Let v(c) = -18*c - 97. Calculate v(-6).
11
Let a(h) = 2*h - 21. Give a(0).
-21
Let n(i) = -2*i**3 - 15*i**2 + 6*i - 9. Calculate n(-8).
7
Let t(s) = -s**2 - 20*s + 192. What is t(7)?
3
Let k(l) = -l**3 - 8*l**2 - 7*l - 12. Calculate k(-6).
-42
Let v(c) = -12*c + 78. What is v(8)?
-18
Let d(g) = -g**3 + 6*g**2 + 3*g + 1. Give d(7).
-27
Let c(v) = 39*v + 5. Give c(1).
44
Let a(r) = 8*r + 7. Calculate a(0).
7
Let g(d) = d**3 - 2*d**2 - 20*d - 21. Determine g(6).
3
Let g(d) = 2*d**2 + 21*d - 3. What is g(-10)?
-13
Let c(x) = -2*x**2 - 7*x + 10. What is c(-5)?
-5
Let c(j) = -j**2 + 8*j + 20. Determine c(-2).
0
Let w(z) = z**2 + 8*z - 3. Determine w(-8).
-3
Let l(w) = -11*w**2 - 4*w - 16. Determine l(-2).
-52
Let l(m) = -m**2 + 6*m - 14. Determine l(10).
-54
Let i(a) = -a**3 - 3*a**2 + a - 9. Give i(-4).
3
Let g(i) = 9*i**3 + 3*i**2 + 3*i. Calculate g(-1).
-9
Let w(r) = -24*r**2 + 7*r - 6. Give w(1).
-23
Let x(k) = 2*k**3 - 48*k**2 + 45*k + 11. Give x(23).
-12
Let h(x) = -8*x**3 - x**2 + x - 1. Give h(1).
-9
Let a(q) = q**3 + 7*q**2 + 3*q + 4. What is a(-6)?
22
Let w(g) = g**2 - 16*g - 3. Give w(16).
-3
Let q(x) = -x**2 + 17*x + 11. Determine q(17).
11
Let o(z) = z**2 + z + 9. Calculate o(0).
9
Let v(o) = 5*o + 2. Calculate v(-1).
-3
Let o(w) = 4*w**3 - 2*w**2 - w - 2. What is o(-2)?
-40
Let u(d) = -9*d + 3. Give u(7).
-60
Let r(w) = w - 9. What is r(7)?
-2
Let d(o) = -2*o**3 + o**2 + 4*o - 4. Give d(1).
-1
Let r(w) = 6*w + 9. Calculate r(-2).
-3
Let y(l) = -6*l - 13. Determine y(-4).
11
Let l(c) = c + 5. What is l(7)?
12
Let u(r) = -r**2 - 4*r - 15. Determine u(-5).
-20
Let q(s) = 4*s - 11. What is q(5)?
9
Let f(u) = -u**2 + 26*u + 417. Determine f(-11).
10
Let k(f) = f**3 - 10*f**2 + 3*f - 11. Determine k(10).
19
Let m(r) = -r**3 + 15*r**2 + 18*r + 9. What is m(16)?
41
Let c(v) = 2*v**3 + 4*v**2 + 9. What is c(-4)?
-55
Let h(v) = -27*v + 4. Calculate h(5).
-131
Let w(g) = 4*g + 9. Calculate w(-3).
-3
Let q(x) = x**3 - 5*x**2 - x - 8. Give q(6).
22
Let o(z) = z**3 - 4*z**2 - 10*z - 7. Calculate o(6).
5
Let g(p) = 3*p**3 + 7*p**2 - 10*p - 1. What is g(-4)?
-41
Let u(m) = m**3 + m**2 - 4. Give u(0).
-4
Let n(c) = 10*c - 3. Give n(2).
17
Let p(t) = t**2 - 6*t + 7. Determine p(5).
2
Let u(m) = 7*m - 9. Calculate u(8).
47
Let p(a) = -87*a - 340. Determine p(-4).
8
Let w(r) = -9*r + 53. Give w(-7).
116
Let z(t) = -t**2 + 28*t - 159. Determine z(20).
1
Let d(n) = -n**3 + 3*n**2 + n - 3. What is d(2)?
3
Let l(a) = 2*a - 11. Give l(0).
-11
Let i(u) = -2*u + 32. Give i(10).
12
Let c(m) = m**2 - 10*m - 22. Determine c(17).
97
Let r(o) = -o**2 + 12*o - 20. What is r(6)?
16
Let h(q) = -q**2 + 3*q + 7. Calculate h(2).
9
Let d(i) = 2*i + 20. Calculate d(-8).
4
Let v(g) = g**3 + 3*g**2 - 3*g - 1. Determine v(-2).
9
Let d(h) = -h**3 + 20*h**2 + 20*h + 31. What is d(21)?
10
Let l(a) = 4*a - 15. Give l(-21).
-99
Let p(a) = a + 7. Calculate p(-3).
4
Let j(q) = 2*q - 20. What is j(7)?
-6
Let x(n) = 21*n - 240. Calculate x(12).
12
Let n(s) = 6*s - 13. What is n(4)?
11
Let q(u) = -10*u + 4. Calculate q(3).
-26
Let k(n) = n. What is k(3)?
3
Let j(v) = v**3 + 9*v**2 - 4*v + 24. What is j(-10)?
-36
Let j(l) = 2*l + 41. Give j(15).
71
Let d(a) = -a**3 - a**2 + 14*a - 10. Determine d(-4).
-18
Let j(z) = 7*z - 32. Give j(7).
17
Let o(f) = 2*f + 9. What is o(8)?
25
Let s(x) = -x**2 - 5*x + 3. What is s(-7)?
-11
Let r(j) = -10*j - 1. Calculate r(-2).
19
Let c(h) = -10*h - 5. Give c(-3).
25
Let q(k) = -3*k**2 + 3*k + 2. Determine q(2).
-4
Let q(i) = 2*i**2 + 14*i + 21. Determine q(-4).
-3
Let k(y) = 5*y**2 - 327*y + 128. Give k(65).
-2
Let x(g) = g**2 - g - 2. Determine x(-2).
4
Let q(f) = f**2 - 42*f - 127. Give q(-3).
8
Let y(b) = 4*b**2 + 4*b + 1. Determine y(-2).
9
Let n(v) = v**3 - 6*v**2 + 7*v - 4. Determine n(2).
-6
Let f(v) = v**3 + 16*v**2 - 142*v - 215. Give f(-22).
5
Let t(d) = -5*d - 27. Calculate t(-9).
18
Let m(p) = 2*p**2 + 27*p + 94. Calculate m(-6).
4
Let d(s) = s**3 + 9*s**2 - s - 6. Calculate d(-9).
3
Let o(v) = -v**2 - 13*v + 41. What is o(-8)?
81
Let s(l) = -l**2 - 7*l + 1. Give s(-5).
11
Let a(p) = 25*p - 19. What is a(-3)?
-94
Let a(m) = -m**3 - 10*m**2 + 7*m - 2. Give a(-11).
42
Let a(m) = 6*m**2 + 3*m + 2. Determine a(-1).
5
Let p(s) = 3*s**3 + 3*s**2 - 14*s + 16. Determine p(4).
200
Let o(r) = -3*r + 132. What is o(41)?
9
Let u(a) = 14*a - 62. Calculate u(4).
-6
Let w(h) = 3*h**3 + 4*h**2 - 3*h - 4. Calculate w(-2).
-6
Let q(d) = d**2 + 6*d - 9. Determine q(-9).
18
Let q(m) = 3*m**2 - 4*m - 17. What is q(-5)?
78
Let b(m) = -m**2 + 3*m - 12. Calculate b(7).
-40
Let p(l) = -l**2 - 2*l + 2. What is p(-4)?
-6
Let b(p) = p**3 + p**2 - 9*p + 3. Give b(-4).
-9
Let w(k) = 3*k - 5. Calculate w(0).
-5
Let t(c) = -c + 7. Calculate t(13).
-6
Let y(g) = -2*g + 33. Determine y(33).
-33
Let k(v) = -v**2 - 3*v - 3. Calculate k(-2).
-1
Let w(o) = -6*o + 14. What is w(6)?
-22
Let c(o) = 2*o**3 - 47*o**2 - 24*o - 4. What is c(24)?
-4
Let x(s) = -133*s - 4. What is x(1)?
-137
Let r(n) = n**3 + 4*n**2. Determine r(-2).
8
Let b(k) = -k - 15. What is b(0)?
-15
Let r(m) = m + 6. Give r(10).
16
Let t(o) = -o**2 - 16*o - 44. Calculate t(-19).
-101
Let n(u) = u**2 + 7*u - 2. Calculate n(-8).
6
Let d(m) = m**2 - 8. Calculate d(3).
1
Let y(r) = -6*r + 1. Give y(3).
-17
Let j(a) = a**2 - 12*a - 9. What is j(10)?
-29
Let n(b) = 2*b**3 + 21*b**2 - 10*b + 10. What is n(-11)?
-1
Let m(b) = b**2 + 13*b - 6. Calculate m(-12).
-18
Let i(t) = t + 2. What is i(-25)?
-23
Let p(z) = 3*z + 1. What is p(-2)?
-5
Let x(c) = -c**2 - 10*c + 180. Calculate x(9).
9
Let f(i) = 12*i - 41. Give f(6).
31
Let q(d) = 2*d**3 + 7*d**2 - 2*d - 7. Calculate q(-4).
-15
Let k(w) = 6*w + 17. Determine k(-4).
-7
Let v(l) = -l**2 - l + 7. Calculate v(-4).
-5
Let h(p) = -p**3 + 6*p**2 - 11*p + 9. Determine h(4).
-3
Let k(v) = -v**2 - 17*v - 61. Calculate k(-13).
-9
Let k(s) = s**3 - 12*s**2 + 3*s + 27. Give k(11).
-61
Let p(v) = -40*v - 69. Calculate p(-1).
-29
Let r(u) = 2*u - 19. Calculate r(15).
11
Let i(l) = -36*l + 8. Calculate i(-2).
80
Let f(d) = 52*d - 54. What is f(1)?
-2
Let i(s) = s**2 + 3*s - 25. What is i(-11)?
63
Let b(v) = -v**3 + 10*v**2 - 13*v + 38. Determine b(9).
2
Let u(a) = -8*a + 64. What is u(9)?
-8
Let w(o) = -o**3 + 9*o**2 + 29*o - 43. Determine w(11).
34
Let w(p) = -p**3 + p**2 - 2*p - 3. What is w(3)?
-27
Let b(s) = s**3 + 11*s**2 + 8*s - 23. What is b(-10)?
-3
Let q(j) = -j**3 - 12*j**2 + 16*j + 48. What is q(-13)?
9
Let r(p) = -11*p**3 - 2*p**2 + 2. What is r(-1)?
11
Let v(i) = 3*i + 91. Calculate v(-30).
1
Let a(n) = 7*n - 14. Determine a(2).
0
Let n(w) = 3*w**2 - 10*w - 4. Calculate n(5).
21
Let b(q) = -3*q**2 - 17*q - 12. Determine b(-5).
-2
Let g(v) = -3*v**2 + 17*v - 7. What is g(7)?
-35
Let k(v) = v**2 - 25*v - 11. Give k(10).
-161
Let z(t) = -t**2 + 4*t + 4. Calculate z(9).
-41
Let x(z) = -z - 32. Determine x(-9).
-23
Let j(d) = -d**3 - 5*d**2 + 17*d + 9. Determine j(-7).
-12
Let z(m) = 8*m + 14. Determine z(-3).
-10
Let u(f) = -f**3 - 18*f**2 + f + 27. Determine u(-18).
9
Let a(m) = m**2 - 8*m + 14. Calculate a(7).
7
Let v(u) = u**3 + 4*u**2 - 6*u. Determine v(-5).
5
Let i(d) = d**3 - 8*d**2 - 8*d + 1. What is i(9)?
10
Let i(t) = -t**2 + 11*t - 3. Determine i(11).
-3
Let g(i) = i - 7. Give g(22).
15
Let w(x) = 4*x - 4. Give w(2).
4
Let c(b) = -5*b + 56. What is c(15)?
-19
Let y(i) = -2*i + 5. Determine y(10).
-15
Let d(t) = -16*t**2 + 6*t + 16. Give d(-3).
-146
Let w(z) = z**2 - 9*z - 44. What is w(11)?
-22
Let c(i) = -i**3 + 10*i**2 + 7*i. Determine c(10).
70
Let h(w) = -4*w - 1. Give h(0).
-1
Let q(g) = -3*g**2 - 46*g - 14. What is q(-15)?
1
Let n(y) = -y**2 - 44*y - 168. Give n(-4).
-8
Let g(s) = -s**3 - 8*s**2 + 12*s + 6. Determine g(2).
-10
Let u(q) = -q**2 + 13*q - 48. What is u(4)?
-12
Let c(b) = 2*b**2 + 21*b + 55. What is c(-7)?
6
Let k(g) = g**2 - 11*g + 19. Calculate k(9).
1
Let k(c) = -c**3 - 16*c**2 + 39*c + 57. What is k(-18)?
3
Let o(k) = -k**